{"id":23,"date":"2025-09-23T12:25:55","date_gmt":"2025-09-23T12:25:55","guid":{"rendered":"http:\/\/pelote974.fr\/?page_id=23"},"modified":"2025-09-24T11:52:57","modified_gmt":"2025-09-24T11:52:57","slug":"fronton-cantxa","status":"publish","type":"page","link":"https:\/\/pelote974.fr\/?page_id=23","title":{"rendered":"Frontons \/ Cantxas"},"content":{"rendered":"\n<h3 class=\"wp-block-heading has-pale-ocean-gradient-background has-background\">Mur \u00e0 Gauche du P\u00e8re Tabaill\u00e9<\/h3>\n\n\n\n<div class=\"wp-block-columns is-layout-flex wp-container-core-columns-is-layout-9d6595d7 wp-block-columns-is-layout-flex\">\n<div class=\"wp-block-column is-layout-flow wp-block-column-is-layout-flow\">\n<p><strong><span style=\"text-decoration: underline;\">Adresse :<\/span><\/strong> <br>22 Rue Haute, Saint-Leu 97436, La R\u00e9union<\/p>\n\n\n\n<iframe src=\"https:\/\/www.google.com\/maps\/embed?pb=!1m18!1m12!1m3!1d4413.3754424634635!2d55.2897933!3d-21.168056199999995!2m3!1f0!2f0!3f0!3m2!1i1024!2i768!4f13.1!3m3!1m2!1s0x218297128bfbd989%3A0xdd86ac93f3475791!2s22%20Rue%20Haute%2C%20Saint-Leu%2097436%2C%20La%20R%C3%A9union!5e1!3m2!1sfr!2sfr!4v1758714607491!5m2!1sfr!2sfr\" width=\"600\" height=\"450\" style=\"border:0;\" allowfullscreen=\"\" loading=\"lazy\" referrerpolicy=\"no-referrer-when-downgrade\"><\/iframe>\n\n\n\n<p><strong>Acc\u00e8s et Horaires :<\/strong> via la Rue Haute, se garer \u00e0 l&rsquo;arri\u00e8re du fronton. Ouvert 24h\/24, \u00e9clairage disponible en soir\u00e9e jusqu&rsquo;\u00e0 22h.<\/p>\n<\/div>\n\n\n\n<div class=\"wp-block-column is-layout-flow wp-block-column-is-layout-flow\">\n<figure class=\"wp-block-image size-medium\"><img loading=\"lazy\" decoding=\"async\" width=\"300\" height=\"265\" src=\"http:\/\/pelote974.fr\/wp-content\/uploads\/2025\/09\/20250208_124358-1-1-300x265.jpg\" alt=\"\" class=\"wp-image-25\" srcset=\"https:\/\/pelote974.fr\/wp-content\/uploads\/2025\/09\/20250208_124358-1-1-300x265.jpg 300w, https:\/\/pelote974.fr\/wp-content\/uploads\/2025\/09\/20250208_124358-1-1-1024x905.jpg 1024w, https:\/\/pelote974.fr\/wp-content\/uploads\/2025\/09\/20250208_124358-1-1-768x679.jpg 768w, https:\/\/pelote974.fr\/wp-content\/uploads\/2025\/09\/20250208_124358-1-1-1536x1358.jpg 1536w, https:\/\/pelote974.fr\/wp-content\/uploads\/2025\/09\/20250208_124358-1-1.jpg 1940w\" sizes=\"auto, (max-width: 300px) 100vw, 300px\" \/><\/figure>\n<\/div>\n<\/div>\n\n\n\n<h3 class=\"wp-block-heading has-black-color has-text-color has-background has-link-color wp-elements-9174a5264a55728d44afe543b538edb7\" style=\"background:linear-gradient(37deg,rgba(32,175,227,0.59) 38%,rgb(8,64,67) 73%)\">Trinquet de Stella<\/h3>\n\n\n\n<div class=\"wp-block-columns is-layout-flex wp-container-core-columns-is-layout-9d6595d7 wp-block-columns-is-layout-flex\">\n<div class=\"wp-block-column is-layout-flow wp-block-column-is-layout-flow\">\n<figure class=\"wp-block-image size-medium\"><img loading=\"lazy\" decoding=\"async\" width=\"300\" height=\"225\" src=\"http:\/\/pelote974.fr\/wp-content\/uploads\/2025\/09\/20241112_171626-300x225.jpg\" alt=\"\" class=\"wp-image-7\" srcset=\"https:\/\/pelote974.fr\/wp-content\/uploads\/2025\/09\/20241112_171626-300x225.jpg 300w, https:\/\/pelote974.fr\/wp-content\/uploads\/2025\/09\/20241112_171626-1024x768.jpg 1024w, https:\/\/pelote974.fr\/wp-content\/uploads\/2025\/09\/20241112_171626-768x576.jpg 768w, https:\/\/pelote974.fr\/wp-content\/uploads\/2025\/09\/20241112_171626-1536x1152.jpg 1536w, https:\/\/pelote974.fr\/wp-content\/uploads\/2025\/09\/20241112_171626-2048x1536.jpg 2048w\" sizes=\"auto, (max-width: 300px) 100vw, 300px\" \/><\/figure>\n<\/div>\n\n\n\n<div class=\"wp-block-column is-layout-flow wp-block-column-is-layout-flow\">\n<p><strong><span style=\"text-decoration: underline;\">Adresse : <\/span><\/strong><br>Gymnase du Lyc\u00e9e Stella <br>Le Portail, 1 Chem. Tamarin, Saint-Leu 97436, La R\u00e9union<\/p>\n\n\n\n<iframe src=\"https:\/\/www.google.com\/maps\/embed?pb=!1m17!1m12!1m3!1d4412.201043474817!2d55.29614499999999!3d-21.207394!2m3!1f0!2f0!3f0!3m2!1i1024!2i768!4f13.1!3m2!1m1!2zMjHCsDEyJzI2LjYiUyA1NcKwMTcnNDYuMSJF!5e1!3m2!1sfr!2sfr!4v1758714640759!5m2!1sfr!2sfr\" width=\"600\" height=\"450\" style=\"border:0;\" allowfullscreen=\"\" loading=\"lazy\" referrerpolicy=\"no-referrer-when-downgrade\"><\/iframe>\n\n\n\n<p>Horaires : en soir\u00e9e de semaine entre 17h et 20h. R\u00e9servation des cr\u00e9neaux n\u00e9cessaire<\/p>\n<\/div>\n<\/div>\n","protected":false},"excerpt":{"rendered":"<p>Mur \u00e0 Gauche du P\u00e8re Tabaill\u00e9 Adresse : 22 Rue Haute, Saint-Leu 97436, La R\u00e9union Acc\u00e8s et Horaires : via la Rue Haute, se garer \u00e0 l&rsquo;arri\u00e8re du fronton. Ouvert &#8230;<\/p>\n","protected":false},"author":1,"featured_media":0,"parent":0,"menu_order":0,"comment_status":"closed","ping_status":"closed","template":"","meta":{"footnotes":""},"class_list":["post-23","page","type-page","status-publish","hentry"],"_links":{"self":[{"href":"https:\/\/pelote974.fr\/index.php?rest_route=\/wp\/v2\/pages\/23","targetHints":{"allow":["GET"]}}],"collection":[{"href":"https:\/\/pelote974.fr\/index.php?rest_route=\/wp\/v2\/pages"}],"about":[{"href":"https:\/\/pelote974.fr\/index.php?rest_route=\/wp\/v2\/types\/page"}],"author":[{"embeddable":true,"href":"https:\/\/pelote974.fr\/index.php?rest_route=\/wp\/v2\/users\/1"}],"replies":[{"embeddable":true,"href":"https:\/\/pelote974.fr\/index.php?rest_route=%2Fwp%2Fv2%2Fcomments&post=23"}],"version-history":[{"count":6,"href":"https:\/\/pelote974.fr\/index.php?rest_route=\/wp\/v2\/pages\/23\/revisions"}],"predecessor-version":[{"id":110,"href":"https:\/\/pelote974.fr\/index.php?rest_route=\/wp\/v2\/pages\/23\/revisions\/110"}],"wp:attachment":[{"href":"https:\/\/pelote974.fr\/index.php?rest_route=%2Fwp%2Fv2%2Fmedia&parent=23"}],"curies":[{"name":"wp","href":"https:\/\/api.w.org\/{rel}","templated":true}]}}